{"id":37,"date":"2012-12-30T12:08:34","date_gmt":"2012-12-30T12:08:34","guid":{"rendered":"http:\/\/localhost\/gantry\/?page_id=37"},"modified":"2013-08-30T11:43:54","modified_gmt":"2013-08-30T09:43:54","slug":"misiune","status":"publish","type":"page","link":"http:\/\/www.resursemediu.ro\/?page_id=37&amp;lang=ro","title":{"rendered":"Misiune"},"content":{"rendered":"<p>\u00cen cadrul CRM exist\u0103 preocuparea permanent\u0103 pentru identificarea celor mai noi metode \u0219i solu\u021bii aplicative bazate pe cunoa\u0219tere, inovare \u0219i pe cele mai bune tehnici disponibile, \u00een toate domeniile \u00een care se implic\u0103.<\/p>\n<p>\u00cen cadrul CRM exist\u0103 cea mai \u00eenalt\u0103 apreciere pentru factorul uman, cel care prin capacitate \u0219i talent constituie baza poten\u021bialului nostru. Dezvoltarea profesional\u0103 \u0219i uman\u0103 a membrilor echipei noastre, ca \u0219i a colaboratorilor no\u0219tri, se bucur\u0103 de \u00eentreaga noastr\u0103 aten\u021bie. \u00cen domeniul resurselor umane nu suntem adep\u021bii \u201esolu\u021biilor de-a gata\u201d care a\u0219teapt\u0103 \u201eundeva\u201d doar s\u0103 fie \u201eaccesate\u201d pentru a intra \u00een func\u021biune \u201eautomat\u201d \u2013 \u201eto come into operation automatically\u201d. Sus\u021binem procesul de formare a tinerilor speciali\u0219ti pe parcursul activit\u0103\u021bii pe care o realiz\u0103m \u00eempreun\u0103, al\u0103turi de  formarea \u0219i educa\u021bia permanent\u0103, pe \u00eentreg parcursul vie\u021bii profesionale.<\/p>\n<p>CRM promoveaz\u0103 parteneriatul \u00eentre companii \u00een scopul amplific\u0103rii poten\u021bialului serviciilor \u0219i produselor oferite la un nivel c\u00e2t mai \u00eenalt, cerut de beneficiarii no\u0219tri care ac\u021bioneaz\u0103 pe o pia\u021b\u0103 tot mai exigent\u0103 \u0219i sofisticat\u0103. Ne stimuleaz\u0103 s\u0103 particip\u0103m la realizarea unor servicii \u0219i produse c\u00e2t mai integrate.<\/p>\n","protected":false},"excerpt":{"rendered":"<p>\u00cen cadrul CRM exist\u0103 preocuparea permanent\u0103 pentru identificarea celor mai noi metode \u0219i solu\u021bii aplicative bazate pe cunoa\u0219tere, inovare \u0219i pe cele mai bune tehnici disponibile, \u00een toate domeniile \u00een care se implic\u0103. \u00cen cadrul CRM exist\u0103 cea mai \u00eenalt\u0103 apreciere pentru factorul uman, cel care prin [&hellip;]<\/p>\n","protected":false},"author":2,"featured_media":0,"parent":0,"menu_order":0,"comment_status":"open","ping_status":"open","template":"","meta":{"ngg_post_thumbnail":0,"footnotes":""},"class_list":["post-37","page","type-page","status-publish","hentry"],"_links":{"self":[{"href":"http:\/\/www.resursemediu.ro\/index.php?rest_route=\/wp\/v2\/pages\/37","targetHints":{"allow":["GET"]}}],"collection":[{"href":"http:\/\/www.resursemediu.ro\/index.php?rest_route=\/wp\/v2\/pages"}],"about":[{"href":"http:\/\/www.resursemediu.ro\/index.php?rest_route=\/wp\/v2\/types\/page"}],"author":[{"embeddable":true,"href":"http:\/\/www.resursemediu.ro\/index.php?rest_route=\/wp\/v2\/users\/2"}],"replies":[{"embeddable":true,"href":"http:\/\/www.resursemediu.ro\/index.php?rest_route=%2Fwp%2Fv2%2Fcomments&post=37"}],"version-history":[{"count":4,"href":"http:\/\/www.resursemediu.ro\/index.php?rest_route=\/wp\/v2\/pages\/37\/revisions"}],"predecessor-version":[{"id":150,"href":"http:\/\/www.resursemediu.ro\/index.php?rest_route=\/wp\/v2\/pages\/37\/revisions\/150"}],"wp:attachment":[{"href":"http:\/\/www.resursemediu.ro\/index.php?rest_route=%2Fwp%2Fv2%2Fmedia&parent=37"}],"curies":[{"name":"wp","href":"https:\/\/api.w.org\/{rel}","templated":true}]}}